e factors of 57137992.
2, 353, 20233
List the prime factors of 10248055.
5, 2049611
List the prime factors of 1453618862.
2, 726809431
What are the prime factors of 7887386897?
13, 19609, 30941
List the prime factors of 1576567830.
2, 3, 5, 431, 121931
What are the prime factors of 501182820?
2, 3, 5, 2784349
List the prime factors of 1728505539.
3, 1429, 134399
List the prime factors of 697908664.
2, 29, 53, 211, 269
What are the prime factors of 616192017?
3, 7, 29342477
List the prime factors of 22163404.
2, 43, 128857
List the prime factors of 128451077.
19, 79, 85577
List the prime factors of 54256182.
2, 3, 1489, 6073
What are the prime factors of 206503339?
7, 29500477
What are the prime factors of 56132810?
2, 5, 17, 61, 5413
What are the prime factors of 4950063990?
2, 3, 5, 61, 157, 5743
List the prime factors of 41723592.
2, 3, 47, 787
What are the prime factors of 117937544?
2, 14742193
List the prime factors of 3165525163.
3165525163
What are the prime factors of 263685590?
2, 5, 7, 3766937
What are the prime factors of 89332535?
5, 17, 823, 1277
What are the prime factors of 90491852?
2, 11, 31, 66343
List the prime factors of 208423551.
3, 7, 29, 342239
List the prime factors of 29170389.
3, 463, 21001
What are the prime factors of 831102185?
5, 41, 239, 16963
What are the prime factors of 13381266?
2, 3, 877, 2543
List the prime factors of 49910775.
3, 5, 31, 21467
What are the prime factors of 346586722?
2, 571, 303491
What are the prime factors of 511324371?
3, 19, 337, 467
What are the prime factors of 411602380?
2, 5, 7, 61, 48197
What are the prime factors of 3566196042?
2, 3, 31, 673, 919
What are the prime factors of 787925025?
3, 5, 67, 52267
List the prime factors of 613357493.
7, 229, 382631
What are the prime factors of 27878531?
397, 70223
List the prime factors of 79987454.
2, 19, 2104933
What are the prime factors of 1162381975?
5, 46495279
List the prime factors of 42850011.
3, 1447, 9871
List the prime factors of 22773538.
2, 2477, 4597
What are the prime factors of 6221684?
2, 7, 23, 9661
List the prime factors of 301134646.
2, 150567323
List the prime factors of 553914549.
3, 61546061
What are the prime factors of 572951039?
572951039
What are the prime factors of 265872396?
2, 3, 19, 1166107
List the prime factors of 1844200846.
2, 419, 2200717
What are the prime factors of 166973329?
29, 5757701
List the prime factors of 737336534.
2, 11, 19, 1763963
What are the prime factors of 5852489169?
3, 1597, 1221559
List the prime factors of 147792938.
2, 53, 1394273
What are the prime factors of 307412816?
2, 19213301
List the prime factors of 969100062.
2, 3, 7, 17, 229, 5927
List the prime factors of 2630561613.
3, 131, 6693541
What are the prime factors of 2211482654?
2, 61, 18126907
List the prime factors of 199281483.
3, 22142387
What are the prime factors of 3291949555?
5, 658389911
What are the prime factors of 354326967?
3, 773, 5659
List the prime factors of 196907304.
2, 3, 11, 439, 1699
What are the prime factors of 1335550352?
2, 83471897
List the prime factors of 374477057.
374477057
List the prime factors of 1102292735.
5, 2027, 108761
List the prime factors of 1382755653.
3, 23, 6679979
List the prime factors of 570321128.
2, 13, 53, 107, 967
List the prime factors of 873141.
3, 59, 4933
What are the prime factors of 80818001?
11, 19, 386689
What are the prime factors of 274737326?
2, 2281, 60223
List the prime factors of 154193440.
2, 5, 963709
List the prime factors of 741790524.
2, 3, 61815877
What are the prime factors of 2746062289?
41, 6143, 10903
List the prime factors of 464209914.
2, 3, 7, 11052617
What are the prime factors of 589687267?
13, 739, 61381
What are the prime factors of 730994528?
2, 11, 2076689
What are the prime factors of 3578025921?
3, 17, 31, 2263141
What are the prime factors of 627503674?
2, 7, 31, 47, 30763
What are the prime factors of 26539694?
2, 19, 698413
List the prime factors of 4447588116.
2, 3, 2081, 178103
What are the prime factors of 497799697?
59, 2399, 3517
List the prime factors of 149597052.
2, 3, 11, 47, 24113
What are the prime factors of 1220290954?
2, 41, 1039, 14323
List the prime factors of 13840466.
2, 47, 113, 1303
What are the prime factors of 605781592?
2, 13, 43, 135461
What are the prime factors of 190352442?
2, 3, 7, 4532201
What are the prime factors of 60871814?
2, 179, 193, 881
List the prime factors of 315600076.
2, 11, 7172729
List the prime factors of 1642660517.
1642660517
What are the prime factors of 4218259178?
2, 7, 421, 102241
What are the prime factors of 210517363?
7, 1213, 24793
List the prime factors of 4902548947.
1097, 4469051
List the prime factors of 129031194.
2, 3, 21505199
What are the prime factors of 297674103?
3, 71, 1397531
List the prime factors of 86068108.
2, 7, 439123
List the prime factors of 52227480.
2, 3, 5, 23, 127, 149
What are the prime factors of 449867194?
2, 7, 32133371
What are the prime factors of 47805629?
53, 901993
List the prime factors of 7241654352.
2, 3, 3847, 39217
List the prime factors of 252827205.
3, 5, 19, 887113
List the prime factors of 64235796.
2, 3, 977, 5479
List the prime factors of 39672031.
7, 71, 79823
List the prime factors of 2229368141.
7, 11, 13, 37, 8599
What are the prime factors of 77431968?
2, 3, 268861
List the prime factors of 101809785.
3, 5, 7, 11, 181, 487
What are the prime factors of 120956571?
3, 1493291
List the prime factors of 434358545.
5, 6829, 12721
List the prime factors of 241908912.
2, 3, 7, 17, 19, 743
What are the prime factors of 287064386?
2, 7, 1583, 12953
What are the prime factors of 2476267430?
2, 5, 7, 13, 17, 1759
What are the prime factors of 9129794?
2, 101, 45197
List the prime factors of 51987234.
2, 3, 13, 107, 6229
List the prime factors of 93057390.
2, 3, 5, 523, 659
What are the prime factors of 946948965?
3, 5, 63129931
What are the prime factors of 120799558?
2, 11, 29, 6529
What are the prime factors of 16403147?
17, 137, 7043
List the prime factors of 1176829.
449, 2621
What are the prime factors of 30222220?
2, 5, 7, 30839
What are the prime factors of 43795852?
2, 10948963
What are the prime factors of 1622677922?
2, 23, 2693, 13099
What are the prime factors of 105154995?
3, 5, 11, 43, 14821
List the prime factors of 566037944.
2, 373, 189691
List the prime factors of 32037227.
37, 865871
What are the prime factors of 4651768325?
5, 2689, 69197
What are the prime factors of 1678431235?
5, 13, 79, 311, 1051
What are the prime factors of 286635122?
2, 113, 613, 2069
What are the prime factors of 1771622510?
2, 5, 7, 19, 1332047
List the prime factors of 1572350893.
17, 92491229
What are the prime factors of 616614673?
616614673
What are the prime factors of 701103635?
5, 140220727
List the prime factors of 52501727.
401, 130927
What are the prime factors of 373089277?
11, 191, 239, 743
What are the prime factors of 30415557?
3, 31, 359, 911
What are the prime factors of 1658801110?
2, 5, 43, 223, 17299
List the prime factors of 737817499.
373, 1978063
List the prime factors of 96283153.
727, 132439
List the prime factors of 2742968327.
11, 249360757
List the prime factors of 20170976.
2, 7, 17, 5297
What are the prime factors of 1498437255?
3, 5, 7, 1877, 7603
What are the prime factors of 740767090?
2, 5, 7, 41, 258107
What are the prime factors of 202640654?
2, 101320327
What are the prime factors of 409591186?
2, 29, 7061917
List the prime factors of 345585639.
3, 7, 17, 968027
List the prime factors of 215695872.
2, 3, 7, 743
List the prime factors of 21209917.
37, 15493
What are the prime factors of 148647457?
7, 53, 101, 3967
What are the prime factors of 5473651109?
17, 571, 563887
List the prime factors of 243092757.
3, 81030919
List the prime factors of 223374412.
2, 19, 2939137
List the prime factors of 63868485.
3, 5, 4257899
List the prime factors of 251709500.
2, 5, 7, 71917
List the prime factors of 429296423.
4643, 92461
What are the prime factors of 38959425?
3, 5, 347, 499
What are the prime factors of 1415216252?
2, 73, 4846631
List the prime factors of 55516677.
3, 233, 79423
List the prime factors of 68053808.
2, 421, 10103
What are the prime factors of 95117613?
3, 47, 73, 9241
List the prime factors of 9